greatest common divisor of 184942 and 118192.
178
Calculate the greatest common divisor of 9984 and 1366872.
312
What is the highest common factor of 161 and 3087658?
161
Calculate the highest common factor of 588 and 8056968.
12
Calculate the highest common divisor of 248 and 43004584.
8
What is the highest common divisor of 1631196 and 357?
21
Calculate the highest common factor of 175944794 and 2.
2
Calculate the highest common factor of 27222920 and 4.
4
What is the highest common factor of 259889098 and 1071?
119
What is the greatest common factor of 1920 and 246315?
15
What is the greatest common divisor of 218865 and 62100?
15
What is the highest common divisor of 148711423 and 686?
343
Calculate the highest common divisor of 1651606 and 407.
407
Calculate the highest common factor of 1951792 and 657136.
9808
Calculate the greatest common divisor of 2693 and 515701421.
2693
Calculate the highest common factor of 141192 and 51726.
222
Calculate the greatest common divisor of 600 and 64087480.
40
Calculate the highest common factor of 63200 and 393815.
395
Calculate the highest common factor of 632 and 683666.
158
What is the highest common divisor of 95429150 and 400?
50
What is the highest common divisor of 351208 and 641016?
2456
What is the highest common divisor of 1454292 and 348?
348
What is the highest common factor of 12193 and 3287927?
89
What is the highest common divisor of 27307 and 2359259?
329
What is the highest common divisor of 203311 and 721?
1
What is the highest common factor of 204327 and 10731?
219
What is the highest common factor of 231017437 and 119?
119
What is the greatest common divisor of 1300 and 3853980?
260
What is the greatest common divisor of 32281872 and 754?
58
Calculate the highest common divisor of 6 and 4408644.
6
Calculate the highest common factor of 11445 and 592599.
21
Calculate the greatest common divisor of 1233 and 306990833.
137
What is the highest common factor of 24218268 and 612?
204
What is the greatest common divisor of 229213565 and 44575?
8915
Calculate the highest common divisor of 910 and 1227410.
10
What is the highest common divisor of 8955 and 7299?
9
What is the greatest common divisor of 153 and 89454843?
9
What is the highest common factor of 659285 and 14465?
55
What is the highest common factor of 104430 and 105480?
30
Calculate the greatest common factor of 228 and 300180.
12
Calculate the highest common factor of 724 and 59039304.
724
Calculate the greatest common divisor of 27560 and 41288.
104
Calculate the greatest common factor of 33721089 and 3849.
3849
What is the greatest common factor of 1957188 and 14448?
516
What is the greatest common divisor of 79473 and 1188732?
177
What is the greatest common factor of 6118 and 49658?
14
Calculate the highest common divisor of 3900 and 4030.
130
What is the greatest common divisor of 20331 and 2345344?
251
Calculate the greatest common factor of 351822 and 3497344.
614
What is the highest common factor of 34902983 and 23?
23
Calculate the highest common divisor of 21564 and 34490420.
2396
Calculate the greatest common factor of 29408792 and 56.
56
Calculate the greatest common factor of 17815 and 11345.
5
What is the highest common factor of 223783 and 50278103?
4567
What is the highest common factor of 205958 and 41267?
29
Calculate the highest common divisor of 603 and 10312707.
201
What is the greatest common divisor of 314524 and 996212?
1316
Calculate the greatest common divisor of 1053 and 354541239.
351
What is the greatest common factor of 190149 and 815037?
789
Calculate the greatest common factor of 5220462 and 2873.
221
What is the greatest common factor of 209 and 2048783?
11
Calculate the highest common factor of 24992 and 5012458.
1562
Calculate the highest common factor of 26076113 and 12635.
2527
What is the highest common factor of 13258 and 6381382?
14
Calculate the highest common factor of 179180 and 3554615.
2635
What is the greatest common divisor of 31205472 and 10608?
816
Calculate the greatest common divisor of 1556948 and 177984.
412
What is the highest common factor of 2669433 and 845?
13
What is the greatest common divisor of 219 and 152202?
3
Calculate the highest common divisor of 5002200 and 400.
200
What is the highest common divisor of 64563257 and 429?
11
What is the highest common divisor of 36122811 and 69?
69
What is the greatest common divisor of 52848506 and 74?
74
Calculate the greatest common factor of 1776 and 13772436.
444
What is the greatest common divisor of 58211523 and 270?
9
What is the greatest common factor of 28480956 and 2205?
147
Calculate the greatest common divisor of 11368 and 134432284.
5684
Calculate the highest common divisor of 2804265 and 4005.
45
Calculate the greatest common factor of 1212 and 82417010.
202
What is the highest common divisor of 758625 and 30?
15
What is the highest common divisor of 7385056 and 24672?
32
Calculate the highest common factor of 477820 and 610120.
140
What is the highest common divisor of 586282732 and 112?
28
What is the highest common divisor of 36135 and 26422715?
4015
What is the highest common divisor of 1448612970 and 2940?
1470
What is the greatest common factor of 36 and 11233176?
12
What is the highest common factor of 7638865 and 71145?
2635
What is the greatest common factor of 56069731 and 23171?
1363
What is the highest common factor of 2457 and 7673562?
351
Calculate the highest common factor of 641306 and 206.
2
Calculate the greatest common divisor of 390078 and 801450.
234
What is the highest common factor of 304 and 411597190?
38
Calculate the highest common divisor of 213 and 34281285.
213
What is the greatest common factor of 190230 and 585610?
3730
What is the greatest common factor of 9347195 and 520?
65
What is the greatest common divisor of 629 and 230111473?
629
What is the greatest common divisor of 1394439 and 3?
3
Calculate the highest common divisor of 1095180 and 80.
20
Calculate the highest common divisor of 1551 and 486732.
141
What is the greatest common factor of 100942 and 533656?
82
What is the greatest common divisor of 391 and 1814852?
17
Calculate the greatest common factor of 83414 and 718864.
358
Calculate the highest common divisor of 54241488 and 72.
72
What is the greatest common factor of 5 and 9225145?
5
Calculate the greatest common factor of 623 and 720012314.
623
Calculate the highest common divisor of 87919 and 292.
1
Calculate the greatest common divisor of 3642539 and 2405.
37
What is the greatest common divisor of 131077046 and 69?
23
What is the highest common factor of 5387085 and 585?
45
What is the highest common factor of 13923441 and 135?
27
Calculate the highest common factor of 8440 and 20170545.
1055
What is the greatest common divisor of 1678152 and 33096?
168
What is the greatest common divisor of 723110 and 2936695?
835
What is the greatest common divisor of 12 and 2113656?
12
What is the highest common factor of 53979783 and 858?
429
Calculate the highest common divisor of 138 and 2094058.
46
Calculate the greatest common divisor of 188 and 1177960.
4
Calculate the highest common factor of 534003 and 51.
3
What is the highest common factor of 113594 and 74477?
221
What is the highest common factor of 1267201 and 30602?
1391
What is the greatest common factor of 2544 and 469968?
48
What is the highest common divisor of 76113780 and 96?
12
Calculate the highest common divisor of 265456 and 1432184.
376
Calculate the greatest common divisor of 42 and 7664762.
14
Calculate the highest common divisor of 784 and 1957172.
28
Calculate the greatest common factor of 380 and 30790735.
95
Calculate the greatest common factor of 1015196 and 55601.
91
Calculate the highest common divisor of 2018 and 50763799.
1009
Calculate the greatest common divisor of 1458984 and 555.
111
Calculate the greatest common divisor of 1956306150 and 31.
31
Calculate the highest common divisor of 191956 and 404114.
74
Calculate the greatest common factor of 78300 and 232.
116
Calculate the greatest common factor of 3565620 and 71238.
186
Calculate the highest common divisor of 294698 and 21518.
58
Calculate the greatest common divisor of 1 and 6208923.
1
What is the greatest common divisor of 120